{"id":69,"date":"2026-03-31T19:25:28","date_gmt":"2026-04-01T00:25:28","guid":{"rendered":"https:\/\/qroti.org\/?product=triciclo-electrico-infantil-con-canasta"},"modified":"2026-03-31T19:25:28","modified_gmt":"2026-04-01T00:25:28","slug":"triciclo-electrico-infantil-con-canasta","status":"publish","type":"product","link":"https:\/\/qroti.org\/?product=triciclo-electrico-infantil-con-canasta","title":{"rendered":"Triciclo El\u00e9ctrico Infantil con Canasta"},"content":{"rendered":"<p>Triciclo el\u00e9ctrico con manillar de control para padres, canasta delantera, bocina y luces LED. Bater\u00eda 6V. Velocidades: 2. Cintur\u00f3n de seguridad. Edad: 1.5-4 a\u00f1os.<\/p>\n","protected":false},"excerpt":{"rendered":"<p>Triciclo el\u00e9ctrico 6V. Control padres, canasta, bocina y luces LED.<\/p>\n","protected":false},"featured_media":0,"comment_status":"open","ping_status":"closed","template":"","meta":[],"product_brand":[],"product_cat":[24],"product_tag":[],"class_list":{"0":"post-69","1":"product","2":"type-product","3":"status-publish","5":"product_cat-motos-vehiculos-grandes","7":"first","8":"instock","9":"taxable","10":"shipping-taxable","11":"purchasable","12":"product-type-simple"},"_links":{"self":[{"href":"https:\/\/qroti.org\/index.php?rest_route=\/wp\/v2\/product\/69","targetHints":{"allow":["GET"]}}],"collection":[{"href":"https:\/\/qroti.org\/index.php?rest_route=\/wp\/v2\/product"}],"about":[{"href":"https:\/\/qroti.org\/index.php?rest_route=\/wp\/v2\/types\/product"}],"replies":[{"embeddable":true,"href":"https:\/\/qroti.org\/index.php?rest_route=%2Fwp%2Fv2%2Fcomments&post=69"}],"wp:attachment":[{"href":"https:\/\/qroti.org\/index.php?rest_route=%2Fwp%2Fv2%2Fmedia&parent=69"}],"wp:term":[{"taxonomy":"product_brand","embeddable":true,"href":"https:\/\/qroti.org\/index.php?rest_route=%2Fwp%2Fv2%2Fproduct_brand&post=69"},{"taxonomy":"product_cat","embeddable":true,"href":"https:\/\/qroti.org\/index.php?rest_route=%2Fwp%2Fv2%2Fproduct_cat&post=69"},{"taxonomy":"product_tag","embeddable":true,"href":"https:\/\/qroti.org\/index.php?rest_route=%2Fwp%2Fv2%2Fproduct_tag&post=69"}],"curies":[{"name":"wp","href":"https:\/\/api.w.org\/{rel}","templated":true}]}}