{"id":60,"date":"2026-03-31T19:24:57","date_gmt":"2026-04-01T00:24:57","guid":{"rendered":"https:\/\/qroti.org\/?product=funko-pop-spider-man-no-way-home-923"},"modified":"2026-03-31T19:24:57","modified_gmt":"2026-04-01T00:24:57","slug":"funko-pop-spider-man-no-way-home-923","status":"publish","type":"product","link":"https:\/\/qroti.org\/?product=funko-pop-spider-man-no-way-home-923","title":{"rendered":"Funko Pop Spider-Man No Way Home #923"},"content":{"rendered":"<p>Funko Pop! de Spider-Man de la pel\u00edcula No Way Home. Figura vinilo de 10cm. Edici\u00f3n oficial #923. En caja de colecci\u00f3n. Ideal para fans de Marvel.<\/p>\n","protected":false},"excerpt":{"rendered":"<p>Funko Pop Spider-Man #923. Vinilo 10cm. Edici\u00f3n oficial No Way Home.<\/p>\n","protected":false},"featured_media":0,"comment_status":"open","ping_status":"closed","template":"","meta":[],"product_brand":[],"product_cat":[23],"product_tag":[],"class_list":{"0":"post-60","1":"product","2":"type-product","3":"status-publish","5":"product_cat-figuras-coleccionables","7":"first","8":"instock","9":"taxable","10":"shipping-taxable","11":"purchasable","12":"product-type-simple"},"_links":{"self":[{"href":"https:\/\/qroti.org\/index.php?rest_route=\/wp\/v2\/product\/60","targetHints":{"allow":["GET"]}}],"collection":[{"href":"https:\/\/qroti.org\/index.php?rest_route=\/wp\/v2\/product"}],"about":[{"href":"https:\/\/qroti.org\/index.php?rest_route=\/wp\/v2\/types\/product"}],"replies":[{"embeddable":true,"href":"https:\/\/qroti.org\/index.php?rest_route=%2Fwp%2Fv2%2Fcomments&post=60"}],"wp:attachment":[{"href":"https:\/\/qroti.org\/index.php?rest_route=%2Fwp%2Fv2%2Fmedia&parent=60"}],"wp:term":[{"taxonomy":"product_brand","embeddable":true,"href":"https:\/\/qroti.org\/index.php?rest_route=%2Fwp%2Fv2%2Fproduct_brand&post=60"},{"taxonomy":"product_cat","embeddable":true,"href":"https:\/\/qroti.org\/index.php?rest_route=%2Fwp%2Fv2%2Fproduct_cat&post=60"},{"taxonomy":"product_tag","embeddable":true,"href":"https:\/\/qroti.org\/index.php?rest_route=%2Fwp%2Fv2%2Fproduct_tag&post=60"}],"curies":[{"name":"wp","href":"https:\/\/api.w.org\/{rel}","templated":true}]}}