{"id":58,"date":"2026-03-31T19:24:51","date_gmt":"2026-04-01T00:24:51","guid":{"rendered":"https:\/\/qroti.org\/?product=patines-en-linea-ajustables-ninos"},"modified":"2026-03-31T19:24:51","modified_gmt":"2026-04-01T00:24:51","slug":"patines-en-linea-ajustables-ninos","status":"publish","type":"product","link":"https:\/\/qroti.org\/?product=patines-en-linea-ajustables-ninos","title":{"rendered":"Patines en L\u00ednea Ajustables Ni\u00f1os"},"content":{"rendered":"<p>Patines en l\u00ednea ajustables en talla (4 tallas en 1). Rodamientos ABEC-5. Bot\u00edn reforzado con soporte de tobillo. Incluye freno y correas de seguridad. Edad: 6+ a\u00f1os.<\/p>\n","protected":false},"excerpt":{"rendered":"<p>Patines ajustables 4 tallas en 1. ABEC-5. Soporte tobillo. Incluye freno.<\/p>\n","protected":false},"featured_media":0,"comment_status":"open","ping_status":"closed","template":"","meta":[],"product_brand":[],"product_cat":[22],"product_tag":[],"class_list":{"0":"post-58","1":"product","2":"type-product","3":"status-publish","5":"product_cat-juguetes-deportivos","7":"first","8":"instock","9":"taxable","10":"shipping-taxable","11":"purchasable","12":"product-type-simple"},"_links":{"self":[{"href":"https:\/\/qroti.org\/index.php?rest_route=\/wp\/v2\/product\/58","targetHints":{"allow":["GET"]}}],"collection":[{"href":"https:\/\/qroti.org\/index.php?rest_route=\/wp\/v2\/product"}],"about":[{"href":"https:\/\/qroti.org\/index.php?rest_route=\/wp\/v2\/types\/product"}],"replies":[{"embeddable":true,"href":"https:\/\/qroti.org\/index.php?rest_route=%2Fwp%2Fv2%2Fcomments&post=58"}],"wp:attachment":[{"href":"https:\/\/qroti.org\/index.php?rest_route=%2Fwp%2Fv2%2Fmedia&parent=58"}],"wp:term":[{"taxonomy":"product_brand","embeddable":true,"href":"https:\/\/qroti.org\/index.php?rest_route=%2Fwp%2Fv2%2Fproduct_brand&post=58"},{"taxonomy":"product_cat","embeddable":true,"href":"https:\/\/qroti.org\/index.php?rest_route=%2Fwp%2Fv2%2Fproduct_cat&post=58"},{"taxonomy":"product_tag","embeddable":true,"href":"https:\/\/qroti.org\/index.php?rest_route=%2Fwp%2Fv2%2Fproduct_tag&post=58"}],"curies":[{"name":"wp","href":"https:\/\/api.w.org\/{rel}","templated":true}]}}