{"id":51,"date":"2026-03-31T19:24:28","date_gmt":"2026-04-01T00:24:28","guid":{"rendered":"https:\/\/qroti.org\/?product=sonajero-interactivo-piano-bebe"},"modified":"2026-03-31T19:24:28","modified_gmt":"2026-04-01T00:24:28","slug":"sonajero-interactivo-piano-bebe","status":"publish","type":"product","link":"https:\/\/qroti.org\/?product=sonajero-interactivo-piano-bebe","title":{"rendered":"Sonajero Interactivo Piano Beb\u00e9"},"content":{"rendered":"<p>Piano musical interactivo para beb\u00e9s con 5 teclas de colores. 4 modos de juego, sonidos animales y m\u00fasica. Estimulaci\u00f3n sensorial y motriz. Edad: 3-18 meses.<\/p>\n","protected":false},"excerpt":{"rendered":"<p>Piano 5 teclas. 4 modos de juego. Sonidos animales y m\u00fasica.<\/p>\n","protected":false},"featured_media":0,"comment_status":"open","ping_status":"closed","template":"","meta":[],"product_brand":[],"product_cat":[21],"product_tag":[],"class_list":{"0":"post-51","1":"product","2":"type-product","3":"status-publish","5":"product_cat-juguetes-bebes","7":"first","8":"instock","9":"taxable","10":"shipping-taxable","11":"purchasable","12":"product-type-simple"},"_links":{"self":[{"href":"https:\/\/qroti.org\/index.php?rest_route=\/wp\/v2\/product\/51","targetHints":{"allow":["GET"]}}],"collection":[{"href":"https:\/\/qroti.org\/index.php?rest_route=\/wp\/v2\/product"}],"about":[{"href":"https:\/\/qroti.org\/index.php?rest_route=\/wp\/v2\/types\/product"}],"replies":[{"embeddable":true,"href":"https:\/\/qroti.org\/index.php?rest_route=%2Fwp%2Fv2%2Fcomments&post=51"}],"wp:attachment":[{"href":"https:\/\/qroti.org\/index.php?rest_route=%2Fwp%2Fv2%2Fmedia&parent=51"}],"wp:term":[{"taxonomy":"product_brand","embeddable":true,"href":"https:\/\/qroti.org\/index.php?rest_route=%2Fwp%2Fv2%2Fproduct_brand&post=51"},{"taxonomy":"product_cat","embeddable":true,"href":"https:\/\/qroti.org\/index.php?rest_route=%2Fwp%2Fv2%2Fproduct_cat&post=51"},{"taxonomy":"product_tag","embeddable":true,"href":"https:\/\/qroti.org\/index.php?rest_route=%2Fwp%2Fv2%2Fproduct_tag&post=51"}],"curies":[{"name":"wp","href":"https:\/\/api.w.org\/{rel}","templated":true}]}}