{"id":43,"date":"2026-03-31T19:24:03","date_gmt":"2026-04-01T00:24:03","guid":{"rendered":"https:\/\/qroti.org\/?product=uno-clasico-juego-de-cartas"},"modified":"2026-03-31T19:24:03","modified_gmt":"2026-04-01T00:24:03","slug":"uno-clasico-juego-de-cartas","status":"publish","type":"product","link":"https:\/\/qroti.org\/?product=uno-clasico-juego-de-cartas","title":{"rendered":"UNO Cl\u00e1sico Juego de Cartas"},"content":{"rendered":"<p>El cl\u00e1sico juego de cartas UNO para 2-10 jugadores. 108 cartas oficiales con reglas en espa\u00f1ol. Para reuniones familiares, amigos y viajes. Edad: 7+ a\u00f1os.<\/p>\n","protected":false},"excerpt":{"rendered":"<p>UNO para 2-10 jugadores. 108 cartas oficiales. \u00a1El cl\u00e1sico infaltable!<\/p>\n","protected":false},"featured_media":0,"comment_status":"open","ping_status":"closed","template":"","meta":[],"product_brand":[],"product_cat":[20],"product_tag":[],"class_list":{"0":"post-43","1":"product","2":"type-product","3":"status-publish","5":"product_cat-juegos-de-mesa","7":"first","8":"instock","9":"taxable","10":"shipping-taxable","11":"purchasable","12":"product-type-simple"},"_links":{"self":[{"href":"https:\/\/qroti.org\/index.php?rest_route=\/wp\/v2\/product\/43","targetHints":{"allow":["GET"]}}],"collection":[{"href":"https:\/\/qroti.org\/index.php?rest_route=\/wp\/v2\/product"}],"about":[{"href":"https:\/\/qroti.org\/index.php?rest_route=\/wp\/v2\/types\/product"}],"replies":[{"embeddable":true,"href":"https:\/\/qroti.org\/index.php?rest_route=%2Fwp%2Fv2%2Fcomments&post=43"}],"wp:attachment":[{"href":"https:\/\/qroti.org\/index.php?rest_route=%2Fwp%2Fv2%2Fmedia&parent=43"}],"wp:term":[{"taxonomy":"product_brand","embeddable":true,"href":"https:\/\/qroti.org\/index.php?rest_route=%2Fwp%2Fv2%2Fproduct_brand&post=43"},{"taxonomy":"product_cat","embeddable":true,"href":"https:\/\/qroti.org\/index.php?rest_route=%2Fwp%2Fv2%2Fproduct_cat&post=43"},{"taxonomy":"product_tag","embeddable":true,"href":"https:\/\/qroti.org\/index.php?rest_route=%2Fwp%2Fv2%2Fproduct_tag&post=43"}],"curies":[{"name":"wp","href":"https:\/\/api.w.org\/{rel}","templated":true}]}}