{"id":37,"date":"2026-03-31T19:23:44","date_gmt":"2026-04-01T00:23:44","guid":{"rendered":"https:\/\/qroti.org\/?product=muneca-barbie-fashionista-edicion-colombia"},"modified":"2026-03-31T19:23:44","modified_gmt":"2026-04-01T00:23:44","slug":"muneca-barbie-fashionista-edicion-colombia","status":"publish","type":"product","link":"https:\/\/qroti.org\/?product=muneca-barbie-fashionista-edicion-colombia","title":{"rendered":"Mu\u00f1eca Barbie Fashionista Edici\u00f3n Colombia"},"content":{"rendered":"<p>Barbie edici\u00f3n especial con traje t\u00edpico colombiano. Cabello largo negro y accesorios incluidos. Articulada en 11 puntos. Edad: 3+ a\u00f1os.<\/p>\n","protected":false},"excerpt":{"rendered":"<p>Barbie traje colombiano. 11 articulaciones. Accesorios incluidos.<\/p>\n","protected":false},"featured_media":0,"comment_status":"open","ping_status":"closed","template":"","meta":[],"product_brand":[],"product_cat":[19],"product_tag":[],"class_list":{"0":"post-37","1":"product","2":"type-product","3":"status-publish","5":"product_cat-munecas-peluches","7":"first","8":"instock","9":"taxable","10":"shipping-taxable","11":"purchasable","12":"product-type-simple"},"_links":{"self":[{"href":"https:\/\/qroti.org\/index.php?rest_route=\/wp\/v2\/product\/37","targetHints":{"allow":["GET"]}}],"collection":[{"href":"https:\/\/qroti.org\/index.php?rest_route=\/wp\/v2\/product"}],"about":[{"href":"https:\/\/qroti.org\/index.php?rest_route=\/wp\/v2\/types\/product"}],"replies":[{"embeddable":true,"href":"https:\/\/qroti.org\/index.php?rest_route=%2Fwp%2Fv2%2Fcomments&post=37"}],"wp:attachment":[{"href":"https:\/\/qroti.org\/index.php?rest_route=%2Fwp%2Fv2%2Fmedia&parent=37"}],"wp:term":[{"taxonomy":"product_brand","embeddable":true,"href":"https:\/\/qroti.org\/index.php?rest_route=%2Fwp%2Fv2%2Fproduct_brand&post=37"},{"taxonomy":"product_cat","embeddable":true,"href":"https:\/\/qroti.org\/index.php?rest_route=%2Fwp%2Fv2%2Fproduct_cat&post=37"},{"taxonomy":"product_tag","embeddable":true,"href":"https:\/\/qroti.org\/index.php?rest_route=%2Fwp%2Fv2%2Fproduct_tag&post=37"}],"curies":[{"name":"wp","href":"https:\/\/api.w.org\/{rel}","templated":true}]}}