{"id":34,"date":"2026-03-31T19:23:35","date_gmt":"2026-04-01T00:23:35","guid":{"rendered":"https:\/\/qroti.org\/?product=helicoptero-control-remoto-para-ninos"},"modified":"2026-03-31T19:23:35","modified_gmt":"2026-04-01T00:23:35","slug":"helicoptero-control-remoto-para-ninos","status":"publish","type":"product","link":"https:\/\/qroti.org\/?product=helicoptero-control-remoto-para-ninos","title":{"rendered":"Helic\u00f3ptero Control Remoto para Ni\u00f1os"},"content":{"rendered":"<p>Helic\u00f3ptero de control remoto f\u00e1cil de volar, ideal para principiantes. Bater\u00eda recargable USB. Estabilizador girosc\u00f3pico de 6 ejes. Alcance 30m. Edad: 6+ a\u00f1os.<\/p>\n","protected":false},"excerpt":{"rendered":"<p>Helic\u00f3ptero RC con giroscopio. Bater\u00eda USB recargable. Alcance 30m.<\/p>\n","protected":false},"featured_media":0,"comment_status":"open","ping_status":"closed","template":"","meta":[],"product_brand":[],"product_cat":[18],"product_tag":[],"class_list":{"0":"post-34","1":"product","2":"type-product","3":"status-publish","5":"product_cat-juguetes-accion","7":"first","8":"instock","9":"taxable","10":"shipping-taxable","11":"purchasable","12":"product-type-simple"},"_links":{"self":[{"href":"https:\/\/qroti.org\/index.php?rest_route=\/wp\/v2\/product\/34","targetHints":{"allow":["GET"]}}],"collection":[{"href":"https:\/\/qroti.org\/index.php?rest_route=\/wp\/v2\/product"}],"about":[{"href":"https:\/\/qroti.org\/index.php?rest_route=\/wp\/v2\/types\/product"}],"replies":[{"embeddable":true,"href":"https:\/\/qroti.org\/index.php?rest_route=%2Fwp%2Fv2%2Fcomments&post=34"}],"wp:attachment":[{"href":"https:\/\/qroti.org\/index.php?rest_route=%2Fwp%2Fv2%2Fmedia&parent=34"}],"wp:term":[{"taxonomy":"product_brand","embeddable":true,"href":"https:\/\/qroti.org\/index.php?rest_route=%2Fwp%2Fv2%2Fproduct_brand&post=34"},{"taxonomy":"product_cat","embeddable":true,"href":"https:\/\/qroti.org\/index.php?rest_route=%2Fwp%2Fv2%2Fproduct_cat&post=34"},{"taxonomy":"product_tag","embeddable":true,"href":"https:\/\/qroti.org\/index.php?rest_route=%2Fwp%2Fv2%2Fproduct_tag&post=34"}],"curies":[{"name":"wp","href":"https:\/\/api.w.org\/{rel}","templated":true}]}}