{"id":30,"date":"2026-03-31T19:23:22","date_gmt":"2026-04-01T00:23:22","guid":{"rendered":"https:\/\/qroti.org\/?product=set-vehiculos-hot-wheels-10-carros"},"modified":"2026-03-31T19:23:22","modified_gmt":"2026-04-01T00:23:22","slug":"set-vehiculos-hot-wheels-10-carros","status":"publish","type":"product","link":"https:\/\/qroti.org\/?product=set-vehiculos-hot-wheels-10-carros","title":{"rendered":"Set Veh\u00edculos Hot Wheels 10 Carros"},"content":{"rendered":"<p>Pack de 10 carros Hot Wheels de colecci\u00f3n, modelos variados y exclusivos. Escala 1:64. Colores vibrantes y detalle premium. Ideales para coleccionistas y ni\u00f1os.<\/p>\n","protected":false},"excerpt":{"rendered":"<p>10 carros Hot Wheels escala 1:64. Modelos exclusivos y variados.<\/p>\n","protected":false},"featured_media":0,"comment_status":"open","ping_status":"closed","template":"","meta":[],"product_brand":[],"product_cat":[18],"product_tag":[],"class_list":{"0":"post-30","1":"product","2":"type-product","3":"status-publish","5":"product_cat-juguetes-accion","7":"first","8":"instock","9":"taxable","10":"shipping-taxable","11":"purchasable","12":"product-type-simple"},"_links":{"self":[{"href":"https:\/\/qroti.org\/index.php?rest_route=\/wp\/v2\/product\/30","targetHints":{"allow":["GET"]}}],"collection":[{"href":"https:\/\/qroti.org\/index.php?rest_route=\/wp\/v2\/product"}],"about":[{"href":"https:\/\/qroti.org\/index.php?rest_route=\/wp\/v2\/types\/product"}],"replies":[{"embeddable":true,"href":"https:\/\/qroti.org\/index.php?rest_route=%2Fwp%2Fv2%2Fcomments&post=30"}],"wp:attachment":[{"href":"https:\/\/qroti.org\/index.php?rest_route=%2Fwp%2Fv2%2Fmedia&parent=30"}],"wp:term":[{"taxonomy":"product_brand","embeddable":true,"href":"https:\/\/qroti.org\/index.php?rest_route=%2Fwp%2Fv2%2Fproduct_brand&post=30"},{"taxonomy":"product_cat","embeddable":true,"href":"https:\/\/qroti.org\/index.php?rest_route=%2Fwp%2Fv2%2Fproduct_cat&post=30"},{"taxonomy":"product_tag","embeddable":true,"href":"https:\/\/qroti.org\/index.php?rest_route=%2Fwp%2Fv2%2Fproduct_tag&post=30"}],"curies":[{"name":"wp","href":"https:\/\/api.w.org\/{rel}","templated":true}]}}