{"id":29,"date":"2026-03-31T19:23:19","date_gmt":"2026-04-01T00:23:19","guid":{"rendered":"https:\/\/qroti.org\/?product=figura-accion-iron-man-30cm-con-luz-y-sonido"},"modified":"2026-03-31T19:23:19","modified_gmt":"2026-04-01T00:23:19","slug":"figura-accion-iron-man-30cm-con-luz-y-sonido","status":"publish","type":"product","link":"https:\/\/qroti.org\/?product=figura-accion-iron-man-30cm-con-luz-y-sonido","title":{"rendered":"Figura Acci\u00f3n Iron Man 30cm con Luz y Sonido"},"content":{"rendered":"<p>Figura de Iron Man articulada de 30cm con efectos de luz en el arco reactor y sonidos de la pel\u00edcula. M\u00e1s de 20 puntos de articulaci\u00f3n. Incluye pilas. Edad: 4+ a\u00f1os.<\/p>\n","protected":false},"excerpt":{"rendered":"<p>Iron Man 30cm articulado. Luz en arco reactor y sonidos. Edad: 4+ a\u00f1os.<\/p>\n","protected":false},"featured_media":0,"comment_status":"open","ping_status":"closed","template":"","meta":[],"product_brand":[],"product_cat":[18],"product_tag":[],"class_list":{"0":"post-29","1":"product","2":"type-product","3":"status-publish","5":"product_cat-juguetes-accion","7":"first","8":"instock","9":"taxable","10":"shipping-taxable","11":"purchasable","12":"product-type-simple"},"_links":{"self":[{"href":"https:\/\/qroti.org\/index.php?rest_route=\/wp\/v2\/product\/29","targetHints":{"allow":["GET"]}}],"collection":[{"href":"https:\/\/qroti.org\/index.php?rest_route=\/wp\/v2\/product"}],"about":[{"href":"https:\/\/qroti.org\/index.php?rest_route=\/wp\/v2\/types\/product"}],"replies":[{"embeddable":true,"href":"https:\/\/qroti.org\/index.php?rest_route=%2Fwp%2Fv2%2Fcomments&post=29"}],"wp:attachment":[{"href":"https:\/\/qroti.org\/index.php?rest_route=%2Fwp%2Fv2%2Fmedia&parent=29"}],"wp:term":[{"taxonomy":"product_brand","embeddable":true,"href":"https:\/\/qroti.org\/index.php?rest_route=%2Fwp%2Fv2%2Fproduct_brand&post=29"},{"taxonomy":"product_cat","embeddable":true,"href":"https:\/\/qroti.org\/index.php?rest_route=%2Fwp%2Fv2%2Fproduct_cat&post=29"},{"taxonomy":"product_tag","embeddable":true,"href":"https:\/\/qroti.org\/index.php?rest_route=%2Fwp%2Fv2%2Fproduct_tag&post=29"}],"curies":[{"name":"wp","href":"https:\/\/api.w.org\/{rel}","templated":true}]}}