{"id":27,"date":"2026-03-31T19:23:12","date_gmt":"2026-04-01T00:23:12","guid":{"rendered":"https:\/\/qroti.org\/?product=microscopio-infantil-con-accesorios"},"modified":"2026-03-31T19:23:12","modified_gmt":"2026-04-01T00:23:12","slug":"microscopio-infantil-con-accesorios","status":"publish","type":"product","link":"https:\/\/qroti.org\/?product=microscopio-infantil-con-accesorios","title":{"rendered":"Microscopio Infantil con Accesorios"},"content":{"rendered":"<p>Microscopio educativo con 300x-600x de aumento. Incluye kit de 50 muestras preparadas y accesorios para exploraci\u00f3n. Ideal para futuros cient\u00edficos. Edad: 8+ a\u00f1os.<\/p>\n","protected":false},"excerpt":{"rendered":"<p>Microscopio 300-600x. 50 muestras incluidas. Para peque\u00f1os cient\u00edficos.<\/p>\n","protected":false},"featured_media":0,"comment_status":"open","ping_status":"closed","template":"","meta":[],"product_brand":[],"product_cat":[17],"product_tag":[],"class_list":{"0":"post-27","1":"product","2":"type-product","3":"status-publish","5":"product_cat-juguetes-educativos","7":"first","8":"instock","9":"taxable","10":"shipping-taxable","11":"purchasable","12":"product-type-simple"},"_links":{"self":[{"href":"https:\/\/qroti.org\/index.php?rest_route=\/wp\/v2\/product\/27","targetHints":{"allow":["GET"]}}],"collection":[{"href":"https:\/\/qroti.org\/index.php?rest_route=\/wp\/v2\/product"}],"about":[{"href":"https:\/\/qroti.org\/index.php?rest_route=\/wp\/v2\/types\/product"}],"replies":[{"embeddable":true,"href":"https:\/\/qroti.org\/index.php?rest_route=%2Fwp%2Fv2%2Fcomments&post=27"}],"wp:attachment":[{"href":"https:\/\/qroti.org\/index.php?rest_route=%2Fwp%2Fv2%2Fmedia&parent=27"}],"wp:term":[{"taxonomy":"product_brand","embeddable":true,"href":"https:\/\/qroti.org\/index.php?rest_route=%2Fwp%2Fv2%2Fproduct_brand&post=27"},{"taxonomy":"product_cat","embeddable":true,"href":"https:\/\/qroti.org\/index.php?rest_route=%2Fwp%2Fv2%2Fproduct_cat&post=27"},{"taxonomy":"product_tag","embeddable":true,"href":"https:\/\/qroti.org\/index.php?rest_route=%2Fwp%2Fv2%2Fproduct_tag&post=27"}],"curies":[{"name":"wp","href":"https:\/\/api.w.org\/{rel}","templated":true}]}}