{"id":23,"date":"2026-03-31T19:22:59","date_gmt":"2026-04-01T00:22:59","guid":{"rendered":"https:\/\/qroti.org\/?product=rompecabezas-mapamundi-500-piezas"},"modified":"2026-03-31T19:22:59","modified_gmt":"2026-04-01T00:22:59","slug":"rompecabezas-mapamundi-500-piezas","status":"publish","type":"product","link":"https:\/\/qroti.org\/?product=rompecabezas-mapamundi-500-piezas","title":{"rendered":"Rompecabezas Mapamundi 500 Piezas"},"content":{"rendered":"<p>Rompecabezas educativo con mapa del mundo, pa\u00edses y capitales. 500 piezas de alta calidad. Ideal para aprender geograf\u00eda de forma divertida. Edad: 7+ a\u00f1os.<\/p>\n","protected":false},"excerpt":{"rendered":"<p>500 piezas. Aprende geograf\u00eda jugando. Ideal para toda la familia.<\/p>\n","protected":false},"featured_media":0,"comment_status":"open","ping_status":"closed","template":"","meta":[],"product_brand":[],"product_cat":[17],"product_tag":[],"class_list":{"0":"post-23","1":"product","2":"type-product","3":"status-publish","5":"product_cat-juguetes-educativos","7":"first","8":"instock","9":"taxable","10":"shipping-taxable","11":"purchasable","12":"product-type-simple"},"_links":{"self":[{"href":"https:\/\/qroti.org\/index.php?rest_route=\/wp\/v2\/product\/23","targetHints":{"allow":["GET"]}}],"collection":[{"href":"https:\/\/qroti.org\/index.php?rest_route=\/wp\/v2\/product"}],"about":[{"href":"https:\/\/qroti.org\/index.php?rest_route=\/wp\/v2\/types\/product"}],"replies":[{"embeddable":true,"href":"https:\/\/qroti.org\/index.php?rest_route=%2Fwp%2Fv2%2Fcomments&post=23"}],"wp:attachment":[{"href":"https:\/\/qroti.org\/index.php?rest_route=%2Fwp%2Fv2%2Fmedia&parent=23"}],"wp:term":[{"taxonomy":"product_brand","embeddable":true,"href":"https:\/\/qroti.org\/index.php?rest_route=%2Fwp%2Fv2%2Fproduct_brand&post=23"},{"taxonomy":"product_cat","embeddable":true,"href":"https:\/\/qroti.org\/index.php?rest_route=%2Fwp%2Fv2%2Fproduct_cat&post=23"},{"taxonomy":"product_tag","embeddable":true,"href":"https:\/\/qroti.org\/index.php?rest_route=%2Fwp%2Fv2%2Fproduct_tag&post=23"}],"curies":[{"name":"wp","href":"https:\/\/api.w.org\/{rel}","templated":true}]}}