{"id":22,"date":"2026-03-31T19:22:56","date_gmt":"2026-04-01T00:22:56","guid":{"rendered":"https:\/\/qroti.org\/?product=kit-stem-ciencia-y-experimentos"},"modified":"2026-03-31T19:22:56","modified_gmt":"2026-04-01T00:22:56","slug":"kit-stem-ciencia-y-experimentos","status":"publish","type":"product","link":"https:\/\/qroti.org\/?product=kit-stem-ciencia-y-experimentos","title":{"rendered":"Kit STEM Ciencia y Experimentos"},"content":{"rendered":"<p>Kit educativo con m\u00e1s de 30 experimentos cient\u00edficos para ni\u00f1os. Incluye tubos de ensayo, reactivos seguros y gu\u00eda de experimentos. Estimula el pensamiento cient\u00edfico.<\/p>\n","protected":false},"excerpt":{"rendered":"<p>30+ experimentos cient\u00edficos. Incluye materiales y gu\u00eda completa. Edad: 6-12 a\u00f1os.<\/p>\n","protected":false},"featured_media":0,"comment_status":"open","ping_status":"closed","template":"","meta":[],"product_brand":[],"product_cat":[17],"product_tag":[],"class_list":{"0":"post-22","1":"product","2":"type-product","3":"status-publish","5":"product_cat-juguetes-educativos","7":"first","8":"instock","9":"taxable","10":"shipping-taxable","11":"purchasable","12":"product-type-simple"},"_links":{"self":[{"href":"https:\/\/qroti.org\/index.php?rest_route=\/wp\/v2\/product\/22","targetHints":{"allow":["GET"]}}],"collection":[{"href":"https:\/\/qroti.org\/index.php?rest_route=\/wp\/v2\/product"}],"about":[{"href":"https:\/\/qroti.org\/index.php?rest_route=\/wp\/v2\/types\/product"}],"replies":[{"embeddable":true,"href":"https:\/\/qroti.org\/index.php?rest_route=%2Fwp%2Fv2%2Fcomments&post=22"}],"wp:attachment":[{"href":"https:\/\/qroti.org\/index.php?rest_route=%2Fwp%2Fv2%2Fmedia&parent=22"}],"wp:term":[{"taxonomy":"product_brand","embeddable":true,"href":"https:\/\/qroti.org\/index.php?rest_route=%2Fwp%2Fv2%2Fproduct_brand&post=22"},{"taxonomy":"product_cat","embeddable":true,"href":"https:\/\/qroti.org\/index.php?rest_route=%2Fwp%2Fv2%2Fproduct_cat&post=22"},{"taxonomy":"product_tag","embeddable":true,"href":"https:\/\/qroti.org\/index.php?rest_route=%2Fwp%2Fv2%2Fproduct_tag&post=22"}],"curies":[{"name":"wp","href":"https:\/\/api.w.org\/{rel}","templated":true}]}}